{"id":14,"date":"2024-03-21T17:12:02","date_gmt":"2024-03-21T16:12:02","guid":{"rendered":"https:\/\/invepat.live-website.com\/invepat2024\/?page_id=14"},"modified":"2024-07-24T11:19:08","modified_gmt":"2024-07-24T09:19:08","slug":"colabora","status":"publish","type":"page","link":"https:\/\/invepat.live-website.com\/invepat2024\/colabora\/","title":{"rendered":"Colabora"},"content":{"rendered":"<div class=\"wpb-content-wrapper\">[vc_section full_width=\u00bbstretch_row\u00bb full_height=\u00bbyes\u00bb content_placement=\u00bbmiddle\u00bb min_height=\u00bb500&#8243;][vc_row visibility=\u00bbhide-at-mm-breakpoint\u00bb][vc_column]<style>.vcex-heading.vcex_69f73cc88e573{animation-duration:2s;font-size:110px;letter-spacing:-3px;}<\/style><h1 class=\"vcex-heading vcex-heading-plain vcex-module wpex-heading wpex-text-2xl wpex-mt-20 wpex-text-left  wpb_animate_when_almost_visible wpb_fadeIn fadeIn vcex_69f73cc88e573\"><span class=\"vcex-heading-inner wpex-inline-block\">Colabora con nosotros<\/span><\/h1>[vc_row_inner][vc_column_inner width=\u00bb1\/4&#8243; offset=\u00bbvc_hidden-xs\u00bb][\/vc_column_inner][vc_column_inner width=\u00bb3\/4&#8243;]<style>.vcex-heading.vcex_69f73cc88f3a9{animation-duration:2s;color:#041e42;font-size:60px;font-family:Arial, Helvetica, sans-serif;font-weight:400;}<\/style><h2 class=\"vcex-heading vcex-heading-plain vcex-module wpex-h2 wpex-text-left  wpb_animate_when_almost_visible wpb_fadeIn fadeIn vcex_69f73cc88f3a9\"><span class=\"vcex-heading-inner wpex-inline-block\">Aporta valor a tus clientes<\/span><\/h2><div class=\"vcex-module vcex-divider vcex-divider-solid  wpb_animate_when_almost_visible wpb_fadeIn fadeIn vcex-divider-center wpex-mx-auto wpex-block wpex-h-0 wpex-border-b wpex-border-solid wpex-border-main\" style=\"margin-bottom:25px;animation-duration:3s;border-color:#041e42;\"><\/div>[vc_column_text css_animation=\u00bbfadeInUpBig\u00bb color=\u00bb#041e42&#8243; font_size=\u00bb26&#8243; font_weight=\u00bb200&#8243; font_family=\u00bbOpen Sans\u00bb letter_spacing=\u00bbtight\u00bb line_height=\u00bbsnug\u00bb text_align=\u00bbleft\u00bb]\n<p style=\"text-align: left;\">\u00bfPrestas servicios de asesor\u00eda, consultor\u00eda o tienes una asociaci\u00f3n profesional? Est\u00e1s en el lugar adecuado. Comienza hoy a aportar m\u00e1s valor a tus clientes y difer\u00e9nciate de la competencia.<\/p>\n[\/vc_column_text][\/vc_column_inner][\/vc_row_inner][\/vc_column][\/vc_row][vc_row visibility=\u00bbshow-at-mm-breakpoint\u00bb][vc_column]<style>.vcex-heading.vcex_69f73cc890b4f{animation-duration:2s;font-size:65px;line-height:var(--wpex-leading-tight);letter-spacing:-3px;}<\/style><h1 class=\"vcex-heading vcex-heading-plain vcex-module wpex-heading wpex-text-2xl wpex-mt-20 wpex-text-left  wpb_animate_when_almost_visible wpb_fadeIn fadeIn vcex_69f73cc890b4f\"><span class=\"vcex-heading-inner wpex-inline-block\">Colabora con nosotros<\/span><\/h1>[vc_row_inner visibility=\u00bbshow-at-mm-breakpoint\u00bb][vc_column_inner]<style>.vcex-heading.vcex_69f73cc891182{animation-duration:2s;color:#041e42;font-size:45px;font-family:Arial, Helvetica, sans-serif;font-weight:400;}<\/style><h2 class=\"vcex-heading vcex-heading-plain vcex-module wpex-h2 wpex-text-left  wpb_animate_when_almost_visible wpb_fadeIn fadeIn vcex_69f73cc891182\"><span class=\"vcex-heading-inner wpex-inline-block\">Aporta valor a tus clientes<\/span><\/h2><div class=\"vcex-module vcex-divider vcex-divider-solid  wpb_animate_when_almost_visible wpb_fadeIn fadeIn vcex-divider-center wpex-mx-auto wpex-block wpex-h-0 wpex-border-b wpex-border-solid wpex-border-main\" style=\"margin-bottom:25px;animation-duration:3s;border-color:#041e42;\"><\/div>[vc_column_text css_animation=\u00bbfadeInUpBig\u00bb color=\u00bb#041e42&#8243; font_size=\u00bb26&#8243; font_weight=\u00bb200&#8243; font_family=\u00bbOpen Sans\u00bb letter_spacing=\u00bbtight\u00bb line_height=\u00bbsnug\u00bb text_align=\u00bbleft\u00bb]\n<p style=\"text-align: left;\">\u00bfPrestas servicios de asesor\u00eda, consultor\u00eda o tienes una asociaci\u00f3n profesional? Est\u00e1s en el lugar adecuado. Comienza hoy a aportar m\u00e1s valor a tus clientes y difer\u00e9nciate de la competencia.<\/p>\n[\/vc_column_text][\/vc_column_inner][\/vc_row_inner][\/vc_column][\/vc_row][\/vc_section][vc_section full_width=\u00bbstretch_row\u00bb][vc_row][vc_column]<style>.vcex-heading.vcex_69f73cc891daa{font-size:60px;line-height:var(--wpex-leading-tight);letter-spacing:var(--wpex-tracking-tighter);}<\/style><h2 class=\"vcex-heading vcex-heading-plain vcex-module wpex-heading wpex-text-2xl wpex-mt-10 wpex-mb-15 wpex-text-center  wpb_animate_when_almost_visible wpb_fadeInDownBig fadeInDownBig hide-at-mm-breakpoint vcex_69f73cc891daa\"><span class=\"vcex-heading-inner wpex-inline-block\">\u00bfQu\u00e9 aportamos?<\/span><\/h2><style>.vcex-heading.vcex_69f73cc89241c{font-size:35px;line-height:var(--wpex-leading-tight);letter-spacing:var(--wpex-tracking-tighter);}<\/style><h2 class=\"vcex-heading vcex-heading-plain vcex-module wpex-heading wpex-text-2xl wpex-mt-10 wpex-mb-15 wpex-text-center  wpb_animate_when_almost_visible wpb_fadeInDownBig fadeInDownBig show-at-mm-breakpoint vcex_69f73cc89241c\"><span class=\"vcex-heading-inner wpex-inline-block\">\u00bfQu\u00e9 aportamos?<\/span><\/h2>[\/vc_column][\/vc_row][vc_row][vc_column width=\u00bb1\/2&#8243;]<style>.vcex-teaser.vcex_69f73cc892d04{border-color:#041e42;border-radius:15px;}.vcex-teaser.vcex_69f73cc892d04 .vcex-teaser-heading{font-size:50px;font-family:Arial, Helvetica, sans-serif;color:#041e42;font-weight:400;}.vcex-teaser.vcex_69f73cc892d04 .vcex-teaser-text{font-size:20px;font-weight:200;color:#041e42;}<\/style><a class=\"vcex-module vcex-teaser vcex-teaser-four vcex-teaser-has-link wpex-inherit-color wpex-no-underline wpex-flex wpex-flex-col textcenter hvr hvr-grow  wpb_animate_when_almost_visible wpb_flipInX flipInX wpex-border wpex-border-solid wpex-border-main wpex-overflow-hidden vcex_69f73cc892d04\" href=\"\/ayudas-y-subvenciones\/\" title=\"Ayudas y Subvenciones\"><div class=\"vcex-teaser-content wpex-p-20\"><h2 class=\"vcex-teaser-heading wpex-heading wpex-text-lg\">A ti<\/h2><div class=\"vcex-teaser-text wpex-mt-10 wpex-last-mb-0 wpex-clr\"><ol>\n<li style=\"text-align: left\"><span class=\"elementor-icon-list-text\">Ayudar a tus clientes tambi\u00e9n en lo econ\u00f3mico, consigui\u00e9ndoles financiaci\u00f3n y fondos p\u00fablicos.<\/span><\/li>\n<li style=\"text-align: left\"><span class=\"elementor-icon-list-text\">Una nueva l\u00ednea de negocio y servicio a tus clientes, sin aumentar coste de estructura ni gastos.<\/span><\/li>\n<li style=\"text-align: left\"><span class=\"elementor-icon-list-text\">Acompa\u00f1amiento personal y profesional externo para tus clientes.<\/span><\/li>\n<li style=\"text-align: left\"><span class=\"elementor-icon-list-text\">Informaci\u00f3n de \u00faltima hora sobre nuevas convocatorias y plazos de solicitud.<\/span><\/li>\n<li style=\"text-align: left\"><span class=\"elementor-icon-list-text\">Seguridad y confidencialidad. \u200b<\/span><\/li>\n<\/ol>\n<\/div><\/div><\/a>[\/vc_column][vc_column width=\u00bb1\/2&#8243;]<style>.vcex-teaser.vcex_69f73cc894094{border-color:#041e42;border-radius:15px;}.vcex-teaser.vcex_69f73cc894094 .vcex-teaser-heading{font-size:50px;font-family:Arial, Helvetica, sans-serif;color:#041e42;font-weight:400;}.vcex-teaser.vcex_69f73cc894094 .vcex-teaser-text{font-size:20px;font-weight:200;color:#041e42;}<\/style><a class=\"vcex-module vcex-teaser vcex-teaser-four vcex-teaser-has-link wpex-inherit-color wpex-no-underline wpex-flex wpex-flex-col textcenter hvr hvr-grow  wpb_animate_when_almost_visible wpb_flipInX flipInX wpex-border wpex-border-solid wpex-border-main wpex-overflow-hidden vcex_69f73cc894094\" href=\"\/ayudas-y-subvenciones\/\" title=\"Ayudas y Subvenciones\"><div class=\"vcex-teaser-content wpex-p-20\"><h2 class=\"vcex-teaser-heading wpex-heading wpex-text-lg\">A tu cliente<\/h2><div class=\"vcex-teaser-text wpex-mt-10 wpex-last-mb-0 wpex-clr\"><ol>\n<li style=\"text-align: left\">Gesti\u00f3n de ayudas, subvenciones y financiaci\u00f3n p\u00fablica sin riesgo. Trabajamos a \u00e9xito.<\/li>\n<li style=\"text-align: left\">Trato personalizado y profesional<\/li>\n<\/ol>\n<\/div><\/div><\/a>[\/vc_column][\/vc_row][\/vc_section][vc_section full_width=\u00bbstretch_row\u00bb full_height=\u00bbyes\u00bb][vc_row][vc_column]<style>.vcex-heading.vcex_69f73cc894b35{animation-duration:2s;font-size:75px;line-height:var(--wpex-leading-tight);letter-spacing:var(--wpex-tracking-tighter);}<\/style><h2 class=\"vcex-heading vcex-heading-plain vcex-module wpex-heading wpex-text-2xl wpex-mt-60 wpex-mb-40 wpex-text-center  wpb_animate_when_almost_visible wpb_fadeIn fadeIn vcex_69f73cc894b35\"><span class=\"vcex-heading-inner wpex-inline-block\">Contacta con nosotros<\/span><\/h2>\n<div class=\"wpcf7 no-js\" id=\"wpcf7-f59-o1\" lang=\"es-ES\" dir=\"ltr\">\n<div class=\"screen-reader-response\"><p role=\"status\" aria-live=\"polite\" aria-atomic=\"true\"><\/p> <ul><\/ul><\/div>\n<form action=\"\/invepat2024\/wp-json\/wp\/v2\/pages\/14#wpcf7-f59-o1\" method=\"post\" class=\"wpcf7-form init\" aria-label=\"Formulario de contacto\" novalidate=\"novalidate\" data-status=\"init\">\n<div style=\"display: none;\">\n<input type=\"hidden\" name=\"_wpcf7\" value=\"59\" \/>\n<input type=\"hidden\" name=\"_wpcf7_version\" value=\"5.9.6\" \/>\n<input type=\"hidden\" name=\"_wpcf7_locale\" value=\"es_ES\" \/>\n<input type=\"hidden\" name=\"_wpcf7_unit_tag\" value=\"wpcf7-f59-o1\" \/>\n<input type=\"hidden\" name=\"_wpcf7_container_post\" value=\"0\" \/>\n<input type=\"hidden\" name=\"_wpcf7_posted_data_hash\" value=\"\" \/>\n<\/div>\n<div class=\"form-container\">\n\t<div class=\"form-row\">\n\t\t<p class=\"form-column\"><br \/>\n<span class=\"wpcf7-form-control-wrap\" data-name=\"your-name\"><input size=\"40\" maxlength=\"80\" class=\"wpcf7-form-control wpcf7-text wpcf7-validates-as-required\" aria-required=\"true\" aria-invalid=\"false\" placeholder=\"Tu nombre\" value=\"\" type=\"text\" name=\"your-name\" \/><\/span>\n\t\t<\/p>\n\t\t<p class=\"form-column\"><br \/>\n<span class=\"wpcf7-form-control-wrap\" data-name=\"your-phone\"><input size=\"40\" maxlength=\"80\" class=\"wpcf7-form-control wpcf7-tel wpcf7-validates-as-required wpcf7-text wpcf7-validates-as-tel\" aria-required=\"true\" aria-invalid=\"false\" placeholder=\"Tu tel\u00e9fono\" value=\"\" type=\"tel\" name=\"your-phone\" \/><\/span>\n\t\t<\/p>\n\t<\/div>\n\t<div class=\"form-row\">\n\t\t<p class=\"form-column\"><br \/>\n<span class=\"wpcf7-form-control-wrap\" data-name=\"your-email\"><input size=\"40\" maxlength=\"80\" class=\"wpcf7-form-control wpcf7-email wpcf7-validates-as-required wpcf7-text wpcf7-validates-as-email\" aria-required=\"true\" aria-invalid=\"false\" placeholder=\"Tu email\" value=\"\" type=\"email\" name=\"your-email\" \/><\/span>\n\t\t<\/p>\n\t\t<p class=\"form-column\"><br \/>\n<span class=\"wpcf7-form-control-wrap\" data-name=\"your-company\"><input size=\"40\" maxlength=\"80\" class=\"wpcf7-form-control wpcf7-text\" aria-invalid=\"false\" placeholder=\"Tu empresa\" value=\"\" type=\"text\" name=\"your-company\" \/><\/span>\n\t\t<\/p>\n\t<\/div>\n\t<p><br \/>\n<span class=\"wpcf7-form-control-wrap\" data-name=\"your-message\"><textarea cols=\"40\" rows=\"10\" maxlength=\"400\" class=\"wpcf7-form-control wpcf7-textarea\" aria-invalid=\"false\" placeholder=\"Escribe tu mensaje aqu\u00ed\" name=\"your-message\"><\/textarea><\/span>\n\t<\/p>\n\t<div class=\"uniquecol last\">\n\t\t<p><label><span class=\"wpcf7-form-control-wrap\" data-name=\"acceptance-975\"><span class=\"wpcf7-form-control wpcf7-acceptance\"><span class=\"wpcf7-list-item\"><input type=\"checkbox\" name=\"acceptance-975\" value=\"1\" aria-invalid=\"false\" \/><\/span><\/span><\/span> Acepto los <a href=\"\/aviso-legal\/\">t\u00e9rminos y condiciones de uso<\/a>, as\u00ed como la <a href=\"\/politica-privacidad\/\">pol\u00edtica de privacidad<\/a>.<\/label>\n\t\t<\/p>\n\t<\/div>\n\t<p><br \/>\n<input class=\"wpcf7-form-control wpcf7-submit has-spinner\" type=\"submit\" value=\"Enviar \u2192\" \/>\n\t<\/p>\n<\/div><p style=\"display: none !important;\" class=\"akismet-fields-container\" data-prefix=\"_wpcf7_ak_\"><label>&#916;<textarea name=\"_wpcf7_ak_hp_textarea\" cols=\"45\" rows=\"8\" maxlength=\"100\"><\/textarea><\/label><input type=\"hidden\" id=\"ak_js_1\" name=\"_wpcf7_ak_js\" value=\"95\"\/><script>document.getElementById( \"ak_js_1\" ).setAttribute( \"value\", ( new Date() ).getTime() );<\/script><\/p><div class=\"wpcf7-response-output\" aria-hidden=\"true\"><\/div>\n<\/form>\n<\/div>\n[\/vc_column][\/vc_row][\/vc_section]\n<\/div>","protected":false},"excerpt":{"rendered":"<p>[vc_section full_width=\u00bbstretch_row\u00bb full_height=\u00bbyes\u00bb content_placement=\u00bbmiddle\u00bb min_height=\u00bb500&#8243;][vc_row visibility=\u00bbhide-at-mm-breakpoint\u00bb][vc_column][vc_row_inner][vc_column_inner width=\u00bb1\/4&#8243; offset=\u00bbvc_hidden-xs\u00bb][\/vc_column_inner][vc_column_inner width=\u00bb3\/4&#8243;][vc_column_text css_animation=\u00bbfadeInUpBig\u00bb color=\u00bb#041e42&#8243; font_size=\u00bb26&#8243; font_weight=\u00bb200&#8243; font_family=\u00bbOpen Sans\u00bb letter_spacing=\u00bbtight\u00bb line_height=\u00bbsnug\u00bb text_align=\u00bbleft\u00bb] \u00bfPrestas servicios de asesor\u00eda, consultor\u00eda o tienes una asociaci\u00f3n profesional? Est\u00e1s en el lugar adecuado. Comienza hoy a aportar m\u00e1s valor a tus clientes y difer\u00e9nciate de la competencia. [\/vc_column_text][\/vc_column_inner][\/vc_row_inner][\/vc_column][\/vc_row][vc_row visibility=\u00bbshow-at-mm-breakpoint\u00bb][vc_column][vc_row_inner visibility=\u00bbshow-at-mm-breakpoint\u00bb][vc_column_inner][vc_column_text css_animation=\u00bbfadeInUpBig\u00bb color=\u00bb#041e42&#8243; font_size=\u00bb26&#8243; font_weight=\u00bb200&#8243; font_family=\u00bbOpen&hellip;<\/p>\n","protected":false},"author":1,"featured_media":0,"parent":0,"menu_order":0,"comment_status":"closed","ping_status":"closed","template":"","meta":{"_acf_changed":false,"footnotes":""},"class_list":["post-14","page","type-page","status-publish","hentry","entry","no-media"],"acf":[],"_links":{"self":[{"href":"https:\/\/invepat.live-website.com\/invepat2024\/wp-json\/wp\/v2\/pages\/14","targetHints":{"allow":["GET"]}}],"collection":[{"href":"https:\/\/invepat.live-website.com\/invepat2024\/wp-json\/wp\/v2\/pages"}],"about":[{"href":"https:\/\/invepat.live-website.com\/invepat2024\/wp-json\/wp\/v2\/types\/page"}],"author":[{"embeddable":true,"href":"https:\/\/invepat.live-website.com\/invepat2024\/wp-json\/wp\/v2\/users\/1"}],"replies":[{"embeddable":true,"href":"https:\/\/invepat.live-website.com\/invepat2024\/wp-json\/wp\/v2\/comments?post=14"}],"version-history":[{"count":8,"href":"https:\/\/invepat.live-website.com\/invepat2024\/wp-json\/wp\/v2\/pages\/14\/revisions"}],"predecessor-version":[{"id":529,"href":"https:\/\/invepat.live-website.com\/invepat2024\/wp-json\/wp\/v2\/pages\/14\/revisions\/529"}],"wp:attachment":[{"href":"https:\/\/invepat.live-website.com\/invepat2024\/wp-json\/wp\/v2\/media?parent=14"}],"curies":[{"name":"wp","href":"https:\/\/api.w.org\/{rel}","templated":true}]}}