{"id":340,"date":"2024-07-23T10:20:08","date_gmt":"2024-07-23T08:20:08","guid":{"rendered":"https:\/\/invepat.live-website.com\/invepat2024\/?page_id=340"},"modified":"2024-07-25T11:42:49","modified_gmt":"2024-07-25T09:42:49","slug":"publicidad-en-google-ads","status":"publish","type":"page","link":"https:\/\/invepat.live-website.com\/invepat2024\/publicidad-en-google-ads\/","title":{"rendered":"Publicidad en Google Ads"},"content":{"rendered":"<div class=\"wpb-content-wrapper\">[vc_section full_width=\u00bbstretch_row_content\u00bb][vc_row][vc_column]\n\t\t\t<!-- START google ads REVOLUTION SLIDER 6.6.20 --><p class=\"rs-p-wp-fix\"><\/p>\n\t\t\t<rs-module-wrap id=\"rev_slider_6_1_wrapper\" data-source=\"gallery\" style=\"visibility:hidden;background:transparent;padding:0;margin:0px auto;margin-top:0;margin-bottom:0;\">\n\t\t\t\t<rs-module id=\"rev_slider_6_1\" style=\"\" data-version=\"6.6.20\">\n\t\t\t\t\t<rs-slides style=\"overflow: hidden; position: absolute;\">\n\t\t\t\t\t\t<rs-slide style=\"position: absolute;\" data-key=\"rs-6\" data-title=\"Slide\" data-anim=\"ms:10;\" data-in=\"o:1;\" data-out=\"a:false;\">\n\t\t\t\t\t\t\t<img src=\"\/\/invepat.live-website.com\/invepat2024\/wp-content\/plugins\/revslider\/public\/assets\/assets\/dummy.png\" alt=\"Slide\" title=\"Publicidad en Google Ads\" class=\"rev-slidebg tp-rs-img rs-lazyload\" data-lazyload=\"\/\/invepat.live-website.com\/invepat2024\/wp-content\/plugins\/revslider\/public\/assets\/assets\/transparent.png\" data-bg=\"c:#ffffff;\" data-no-retina>\n<!--\n\t\t\t\t\t\t\t--><rs-layer\n\t\t\t\t\t\t\t\tid=\"slider-6-slide-6-layer-0\" \n\t\t\t\t\t\t\t\tdata-type=\"image\"\n\t\t\t\t\t\t\t\tdata-rsp_ch=\"on\"\n\t\t\t\t\t\t\t\tdata-xy=\"x:-539px;y:-62px;\"\n\t\t\t\t\t\t\t\tdata-text=\"w:normal;\"\n\t\t\t\t\t\t\t\tdata-dim=\"w:1276px;h:851px;\"\n\t\t\t\t\t\t\t\tdata-frame_1=\"y:30px;sp:0;\"\n\t\t\t\t\t\t\t\tdata-frame_999=\"o:0;st:w;sR:8200;\"\n\t\t\t\t\t\t\t\tstyle=\"z-index:5;\"\n\t\t\t\t\t\t\t><img src=\"\/\/invepat.live-website.com\/invepat2024\/wp-content\/plugins\/revslider\/public\/assets\/assets\/dummy.png\" alt=\"\" class=\"tp-rs-img rs-lazyload\" width=\"4500\" height=\"3000\" data-lazyload=\"\/\/invepat.live-website.com\/invepat2024\/wp-content\/uploads\/2024\/07\/MacBook-Pro-16inc-copia.png\" data-no-retina> \n\t\t\t\t\t\t\t<\/rs-layer><!--\n\n\t\t\t\t\t\t\t--><h1\n\t\t\t\t\t\t\t\tid=\"slider-6-slide-6-layer-1\" \n\t\t\t\t\t\t\t\tclass=\"rs-layer\"\n\t\t\t\t\t\t\t\tdata-type=\"text\"\n\t\t\t\t\t\t\t\tdata-color=\"#041e42\"\n\t\t\t\t\t\t\t\tdata-rsp_ch=\"on\"\n\t\t\t\t\t\t\t\tdata-xy=\"x:r;y:c;yo:-148px;\"\n\t\t\t\t\t\t\t\tdata-text=\"w:normal;s:106;l:110;a:right;\"\n\t\t\t\t\t\t\t\tdata-dim=\"w:662px;\"\n\t\t\t\t\t\t\t\tdata-frame_0=\"o:1;\"\n\t\t\t\t\t\t\t\tdata-frame_0_chars=\"d:5;o:0;rX:-90deg;oZ:-50;\"\n\t\t\t\t\t\t\t\tdata-frame_1=\"st:190;sp:1200;sR:190;\"\n\t\t\t\t\t\t\t\tdata-frame_1_chars=\"e:power4.inOut;d:5;oZ:-50;\"\n\t\t\t\t\t\t\t\tdata-frame_999=\"o:0;st:w;sR:4960;\"\n\t\t\t\t\t\t\t\tstyle=\"z-index:6;font-family:'Roboto';\"\n\t\t\t\t\t\t\t>Publicidad en Google Ads \n\t\t\t\t\t\t\t<\/h1><!--\n-->\t\t\t\t\t\t<\/rs-slide>\n\t\t\t\t\t<\/rs-slides>\n\t\t\t\t<\/rs-module>\n\t\t\t\t<script>\n\t\t\t\t\tsetREVStartSize({c: 'rev_slider_6_1',rl:[1240,1024,778,480],el:[900],gw:[1240],gh:[900],type:'hero',justify:'',layout:'fullwidth',mh:\"0\"});if (window.RS_MODULES!==undefined && window.RS_MODULES.modules!==undefined && window.RS_MODULES.modules[\"revslider61\"]!==undefined) {window.RS_MODULES.modules[\"revslider61\"].once = false;window.revapi6 = undefined;if (window.RS_MODULES.checkMinimal!==undefined) window.RS_MODULES.checkMinimal()}\n\t\t\t\t<\/script>\n\t\t\t<\/rs-module-wrap>\n\t\t\t<!-- END REVOLUTION SLIDER -->\n[\/vc_column][\/vc_row][\/vc_section][vc_section full_width=\u00bbstretch_row\u00bb content_placement=\u00bbmiddle\u00bb min_height=\u00bb450&#8243;][vc_row][vc_column][vc_column_text font_weight=\u00bb300&#8243; font_family=\u00bbOpen Sans\u00bb]\n<p class=\"elementor-heading-title elementor-size-default\"><span style=\"font-size: 40px;\">Tus expertos Google Partners en C\u00f3rdoba. Nuestro objetivo es que obtengas el m\u00e1ximo rendimiento con la menor inversi\u00f3n posible.\u200b<\/span><\/p>\n[\/vc_column_text][\/vc_column][\/vc_row][\/vc_section][vc_section full_width=\u00bbstretch_row_content\u00bb full_height=\u00bbyes\u00bb min_height=\u00bb700&#8243; visibility=\u00bbhide-at-mm-breakpoint\u00bb][vc_row css=\u00bb.vc_custom_1720419808135{margin-top: 40px !important;}\u00bb][vc_column width=\u00bb2\/6&#8243;]<style>.vcex-heading.vcex_69f9b4aabd3e0{font-size:50px;font-weight:200;}<\/style><h3 class=\"vcex-heading vcex-heading-plain vcex-module wpex-heading wpex-text-2xl wpex-mt-60  wpb_animate_when_almost_visible wpb_fadeInDown fadeInDown vc_custom_1721712053349 vcex_69f9b4aabd3e0\"><span class=\"vcex-heading-inner wpex-inline-block\">\u00bfQu\u00e9 nos diferencia?<\/span><\/h3>[\/vc_column][vc_column width=\u00bb3\/6&#8243;]<style>.vcex-heading.vcex_69f9b4aabdded{font-size:55px;line-height:var(--wpex-leading-tight);letter-spacing:var(--wpex-tracking-tighter);}<\/style><h3 class=\"vcex-heading vcex-heading-plain vcex-module wpex-heading wpex-text-2xl wpex-mt-60 wpex-mb-40  wpb_animate_when_almost_visible wpb_fadeInDownBig fadeInDownBig vcex_69f9b4aabdded\"><span class=\"vcex-heading-inner wpex-inline-block\">La m\u00e1xima rentabilidad gracias al an\u00e1lisis exhaustivo de las conversiones y estrategias para cada etapa del funnel de ventas.<\/span><\/h3><div class=\"vcex-module vcex-divider vcex-divider-solid vcex-divider-center wpex-mx-auto wpex-block wpex-h-0 wpex-border-b wpex-border-solid wpex-border-main\" style=\"margin-bottom:25px;border-color:#041e42;\"><\/div>[vc_column_text font_family=\u00bbOpen Sans\u00bb font_weight=\u00bb300&#8243; font_size=\u00bb30&#8243;]Transparencia[\/vc_column_text]<div class=\"vcex-module vcex-divider vcex-divider-solid vcex-divider-center wpex-mx-auto wpex-block wpex-h-0 wpex-border-b wpex-border-solid wpex-border-main\" style=\"margin-top:25px;margin-bottom:25px;border-color:#041e42;\"><\/div>[vc_column_text font_family=\u00bbOpen Sans\u00bb font_weight=\u00bb300&#8243; font_size=\u00bb30&#8243;]Informes de rendimiento[\/vc_column_text]<div class=\"vcex-module vcex-divider vcex-divider-solid vcex-divider-center wpex-mx-auto wpex-block wpex-h-0 wpex-border-b wpex-border-solid wpex-border-main\" style=\"margin-top:25px;margin-bottom:25px;border-color:#041e42;\"><\/div>[vc_column_text font_family=\u00bbOpen Sans\u00bb font_weight=\u00bb300&#8243; font_size=\u00bb30&#8243;]Planteamiento estrat\u00e9gico[\/vc_column_text]<div class=\"vcex-module vcex-divider vcex-divider-solid vcex-divider-center wpex-mx-auto wpex-block wpex-h-0 wpex-border-b wpex-border-solid wpex-border-main\" style=\"margin-top:25px;margin-bottom:25px;border-color:#041e42;\"><\/div>[vc_column_text font_family=\u00bbOpen Sans\u00bb font_weight=\u00bb300&#8243; font_size=\u00bb30&#8243;]Optimizaci\u00f3n constante[\/vc_column_text][\/vc_column][vc_column visibility=\u00bbhide-at-mm-breakpoint\u00bb width=\u00bb1\/6&#8243;][\/vc_column][\/vc_row][\/vc_section][vc_section full_width=\u00bbstretch_row\u00bb full_height=\u00bbyes\u00bb][vc_row][vc_column]<style>.vcex-heading.vcex_69f9b4aabf466{animation-duration:2s;font-size:75px;line-height:var(--wpex-leading-tight);letter-spacing:var(--wpex-tracking-tighter);}<\/style><h2 class=\"vcex-heading vcex-heading-plain vcex-module wpex-heading wpex-text-2xl wpex-mt-60 wpex-mb-40 wpex-text-center  wpb_animate_when_almost_visible wpb_fadeIn fadeIn vcex_69f9b4aabf466\"><span class=\"vcex-heading-inner wpex-inline-block\">Contacta con nosotros<\/span><\/h2>\n<div class=\"wpcf7 no-js\" id=\"wpcf7-f59-o1\" lang=\"es-ES\" dir=\"ltr\">\n<div class=\"screen-reader-response\"><p role=\"status\" aria-live=\"polite\" aria-atomic=\"true\"><\/p> <ul><\/ul><\/div>\n<form action=\"\/invepat2024\/wp-json\/wp\/v2\/pages\/340#wpcf7-f59-o1\" method=\"post\" class=\"wpcf7-form init\" aria-label=\"Formulario de contacto\" novalidate=\"novalidate\" data-status=\"init\">\n<div style=\"display: none;\">\n<input type=\"hidden\" name=\"_wpcf7\" value=\"59\" \/>\n<input type=\"hidden\" name=\"_wpcf7_version\" value=\"5.9.6\" \/>\n<input type=\"hidden\" name=\"_wpcf7_locale\" value=\"es_ES\" \/>\n<input type=\"hidden\" name=\"_wpcf7_unit_tag\" value=\"wpcf7-f59-o1\" \/>\n<input type=\"hidden\" name=\"_wpcf7_container_post\" value=\"0\" \/>\n<input type=\"hidden\" name=\"_wpcf7_posted_data_hash\" value=\"\" \/>\n<\/div>\n<div class=\"form-container\">\n\t<div class=\"form-row\">\n\t\t<p class=\"form-column\"><br \/>\n<span class=\"wpcf7-form-control-wrap\" data-name=\"your-name\"><input size=\"40\" maxlength=\"80\" class=\"wpcf7-form-control wpcf7-text wpcf7-validates-as-required\" aria-required=\"true\" aria-invalid=\"false\" placeholder=\"Tu nombre\" value=\"\" type=\"text\" name=\"your-name\" \/><\/span>\n\t\t<\/p>\n\t\t<p class=\"form-column\"><br \/>\n<span class=\"wpcf7-form-control-wrap\" data-name=\"your-phone\"><input size=\"40\" maxlength=\"80\" class=\"wpcf7-form-control wpcf7-tel wpcf7-validates-as-required wpcf7-text wpcf7-validates-as-tel\" aria-required=\"true\" aria-invalid=\"false\" placeholder=\"Tu tel\u00e9fono\" value=\"\" type=\"tel\" name=\"your-phone\" \/><\/span>\n\t\t<\/p>\n\t<\/div>\n\t<div class=\"form-row\">\n\t\t<p class=\"form-column\"><br \/>\n<span class=\"wpcf7-form-control-wrap\" data-name=\"your-email\"><input size=\"40\" maxlength=\"80\" class=\"wpcf7-form-control wpcf7-email wpcf7-validates-as-required wpcf7-text wpcf7-validates-as-email\" aria-required=\"true\" aria-invalid=\"false\" placeholder=\"Tu email\" value=\"\" type=\"email\" name=\"your-email\" \/><\/span>\n\t\t<\/p>\n\t\t<p class=\"form-column\"><br \/>\n<span class=\"wpcf7-form-control-wrap\" data-name=\"your-company\"><input size=\"40\" maxlength=\"80\" class=\"wpcf7-form-control wpcf7-text\" aria-invalid=\"false\" placeholder=\"Tu empresa\" value=\"\" type=\"text\" name=\"your-company\" \/><\/span>\n\t\t<\/p>\n\t<\/div>\n\t<p><br \/>\n<span class=\"wpcf7-form-control-wrap\" data-name=\"your-message\"><textarea cols=\"40\" rows=\"10\" maxlength=\"400\" class=\"wpcf7-form-control wpcf7-textarea\" aria-invalid=\"false\" placeholder=\"Escribe tu mensaje aqu\u00ed\" name=\"your-message\"><\/textarea><\/span>\n\t<\/p>\n\t<div class=\"uniquecol last\">\n\t\t<p><label><span class=\"wpcf7-form-control-wrap\" data-name=\"acceptance-975\"><span class=\"wpcf7-form-control wpcf7-acceptance\"><span class=\"wpcf7-list-item\"><input type=\"checkbox\" name=\"acceptance-975\" value=\"1\" aria-invalid=\"false\" \/><\/span><\/span><\/span> Acepto los <a href=\"\/aviso-legal\/\">t\u00e9rminos y condiciones de uso<\/a>, as\u00ed como la <a href=\"\/politica-privacidad\/\">pol\u00edtica de privacidad<\/a>.<\/label>\n\t\t<\/p>\n\t<\/div>\n\t<p><br \/>\n<input class=\"wpcf7-form-control wpcf7-submit has-spinner\" type=\"submit\" value=\"Enviar \u2192\" \/>\n\t<\/p>\n<\/div><p style=\"display: none !important;\" class=\"akismet-fields-container\" data-prefix=\"_wpcf7_ak_\"><label>&#916;<textarea name=\"_wpcf7_ak_hp_textarea\" cols=\"45\" rows=\"8\" maxlength=\"100\"><\/textarea><\/label><input type=\"hidden\" id=\"ak_js_1\" name=\"_wpcf7_ak_js\" value=\"4\"\/><script>document.getElementById( \"ak_js_1\" ).setAttribute( \"value\", ( new Date() ).getTime() );<\/script><\/p><div class=\"wpcf7-response-output\" aria-hidden=\"true\"><\/div>\n<\/form>\n<\/div>\n[\/vc_column][\/vc_row][\/vc_section]\n<\/div>","protected":false},"excerpt":{"rendered":"<p>[vc_section full_width=\u00bbstretch_row_content\u00bb][vc_row][vc_column][\/vc_column][\/vc_row][\/vc_section][vc_section full_width=\u00bbstretch_row\u00bb content_placement=\u00bbmiddle\u00bb min_height=\u00bb450&#8243;][vc_row][vc_column][vc_column_text font_weight=\u00bb300&#8243; font_family=\u00bbOpen Sans\u00bb] Tus expertos Google Partners en C\u00f3rdoba. Nuestro objetivo es que obtengas el m\u00e1ximo rendimiento con la menor inversi\u00f3n posible.\u200b [\/vc_column_text][\/vc_column][\/vc_row][\/vc_section][vc_section full_width=\u00bbstretch_row_content\u00bb full_height=\u00bbyes\u00bb min_height=\u00bb700&#8243; visibility=\u00bbhide-at-mm-breakpoint\u00bb][vc_row css=\u00bb.vc_custom_1720419808135{margin-top: 40px !important;}\u00bb][vc_column width=\u00bb2\/6&#8243;][\/vc_column][vc_column width=\u00bb3\/6&#8243;][vc_column_text font_family=\u00bbOpen Sans\u00bb font_weight=\u00bb300&#8243; font_size=\u00bb30&#8243;]Transparencia[\/vc_column_text][vc_column_text font_family=\u00bbOpen Sans\u00bb font_weight=\u00bb300&#8243; font_size=\u00bb30&#8243;]Informes de rendimiento[\/vc_column_text][vc_column_text font_family=\u00bbOpen Sans\u00bb font_weight=\u00bb300&#8243; font_size=\u00bb30&#8243;]Planteamiento estrat\u00e9gico[\/vc_column_text][vc_column_text font_family=\u00bbOpen Sans\u00bb font_weight=\u00bb300&#8243;&hellip;<\/p>\n","protected":false},"author":1,"featured_media":0,"parent":0,"menu_order":0,"comment_status":"closed","ping_status":"closed","template":"","meta":{"_acf_changed":false,"footnotes":""},"class_list":["post-340","page","type-page","status-publish","hentry","entry","no-media"],"acf":[],"_links":{"self":[{"href":"https:\/\/invepat.live-website.com\/invepat2024\/wp-json\/wp\/v2\/pages\/340","targetHints":{"allow":["GET"]}}],"collection":[{"href":"https:\/\/invepat.live-website.com\/invepat2024\/wp-json\/wp\/v2\/pages"}],"about":[{"href":"https:\/\/invepat.live-website.com\/invepat2024\/wp-json\/wp\/v2\/types\/page"}],"author":[{"embeddable":true,"href":"https:\/\/invepat.live-website.com\/invepat2024\/wp-json\/wp\/v2\/users\/1"}],"replies":[{"embeddable":true,"href":"https:\/\/invepat.live-website.com\/invepat2024\/wp-json\/wp\/v2\/comments?post=340"}],"version-history":[{"count":6,"href":"https:\/\/invepat.live-website.com\/invepat2024\/wp-json\/wp\/v2\/pages\/340\/revisions"}],"predecessor-version":[{"id":548,"href":"https:\/\/invepat.live-website.com\/invepat2024\/wp-json\/wp\/v2\/pages\/340\/revisions\/548"}],"wp:attachment":[{"href":"https:\/\/invepat.live-website.com\/invepat2024\/wp-json\/wp\/v2\/media?parent=340"}],"curies":[{"name":"wp","href":"https:\/\/api.w.org\/{rel}","templated":true}]}}