{"id":346,"date":"2024-07-23T11:23:18","date_gmt":"2024-07-23T09:23:18","guid":{"rendered":"https:\/\/invepat.live-website.com\/invepat2024\/?page_id=346"},"modified":"2024-07-23T11:28:48","modified_gmt":"2024-07-23T09:28:48","slug":"identidad-corporativa","status":"publish","type":"page","link":"https:\/\/invepat.live-website.com\/invepat2024\/identidad-corporativa\/","title":{"rendered":"Identidad corporativa"},"content":{"rendered":"<div class=\"wpb-content-wrapper\">[vc_section full_width=\u00bbstretch_row_content\u00bb full_height=\u00bbyes\u00bb content_placement=\u00bbmiddle\u00bb visibility=\u00bbhide-at-mm-breakpoint\u00bb][vc_row][vc_column]<style>.vcex-heading.vcex_69f7273785e45{animation-duration:4s;font-size:110px;letter-spacing:-3px;}<\/style><h1 class=\"vcex-heading vcex-heading-plain vcex-module wpex-heading wpex-text-2xl wpex-text-center  wpb_animate_when_almost_visible wpb_fadeIn fadeIn vcex_69f7273785e45\"><span class=\"vcex-heading-inner wpex-inline-block\">Identidad corporativa<\/span><\/h1>[\/vc_column][\/vc_row][\/vc_section][vc_section full_width=\u00bbstretch_row\u00bb content_placement=\u00bbmiddle\u00bb min_height=\u00bb450&#8243;][vc_row][vc_column][vc_column_text font_weight=\u00bb300&#8243; font_family=\u00bbOpen Sans\u00bb]\n<p class=\"elementor-heading-title elementor-size-default\"><span style=\"font-size: 40px;\">La marca es mucho m\u00e1s que un logotipo. Marca es todo lo que transmites y c\u00f3mo se percibe por parte de tu p\u00fablico objetivo y el resto del entorno. \u00bfTe resulta complejo? No te preocupes, nos encargamos.<\/span><\/p>\n[\/vc_column_text][\/vc_column][\/vc_row][\/vc_section][vc_section full_width=\u00bbstretch_row_content\u00bb full_height=\u00bbyes\u00bb min_height=\u00bb700&#8243; visibility=\u00bbhide-at-mm-breakpoint\u00bb][vc_row css=\u00bb.vc_custom_1720419808135{margin-top: 40px !important;}\u00bb][vc_column width=\u00bb2\/6&#8243;]<style>.vcex-heading.vcex_69f727378697f{font-size:50px;font-weight:200;}<\/style><h3 class=\"vcex-heading vcex-heading-plain vcex-module wpex-heading wpex-text-2xl wpex-mt-60  wpb_animate_when_almost_visible wpb_fadeInDown fadeInDown vc_custom_1721712053349 vcex_69f727378697f\"><span class=\"vcex-heading-inner wpex-inline-block\">\u00bfQu\u00e9 nos diferencia?<\/span><\/h3>[\/vc_column][vc_column width=\u00bb3\/6&#8243;]<style>.vcex-heading.vcex_69f7273786f40{font-size:60px;line-height:var(--wpex-leading-tight);letter-spacing:var(--wpex-tracking-tighter);}<\/style><h3 class=\"vcex-heading vcex-heading-plain vcex-module wpex-heading wpex-text-2xl wpex-mt-60 wpex-mb-40  wpb_animate_when_almost_visible wpb_fadeInDownBig fadeInDownBig vcex_69f7273786f40\"><span class=\"vcex-heading-inner wpex-inline-block\">Creamos tu imagen de marca en funci\u00f3n de tus objetivos y acorde a la estrategia corporativa.<\/span><\/h3><div class=\"vcex-module vcex-divider vcex-divider-solid vcex-divider-center wpex-mx-auto wpex-block wpex-h-0 wpex-border-b wpex-border-solid wpex-border-main\" style=\"margin-bottom:25px;border-color:#041e42;\"><\/div>[vc_column_text font_family=\u00bbOpen Sans\u00bb font_weight=\u00bb300&#8243; font_size=\u00bb30&#8243;]Briefing[\/vc_column_text]<div class=\"vcex-module vcex-divider vcex-divider-solid vcex-divider-center wpex-mx-auto wpex-block wpex-h-0 wpex-border-b wpex-border-solid wpex-border-main\" style=\"margin-top:25px;margin-bottom:25px;border-color:#041e42;\"><\/div>[vc_column_text font_family=\u00bbOpen Sans\u00bb font_weight=\u00bb300&#8243; font_size=\u00bb30&#8243;]Proceso creativo[\/vc_column_text]<div class=\"vcex-module vcex-divider vcex-divider-solid vcex-divider-center wpex-mx-auto wpex-block wpex-h-0 wpex-border-b wpex-border-solid wpex-border-main\" style=\"margin-top:25px;margin-bottom:25px;border-color:#041e42;\"><\/div>[vc_column_text font_family=\u00bbOpen Sans\u00bb font_weight=\u00bb300&#8243; font_size=\u00bb30&#8243;]Presentaci\u00f3n de varias propuestas[\/vc_column_text]<div class=\"vcex-module vcex-divider vcex-divider-solid vcex-divider-center wpex-mx-auto wpex-block wpex-h-0 wpex-border-b wpex-border-solid wpex-border-main\" style=\"margin-top:25px;margin-bottom:25px;border-color:#041e42;\"><\/div>[vc_column_text font_family=\u00bbOpen Sans\u00bb font_weight=\u00bb300&#8243; font_size=\u00bb30&#8243;]Definici\u00f3n de identidad corporativa[\/vc_column_text][\/vc_column][vc_column visibility=\u00bbhide-at-mm-breakpoint\u00bb width=\u00bb1\/6&#8243;][\/vc_column][\/vc_row][\/vc_section][vc_section full_width=\u00bbstretch_row\u00bb full_height=\u00bbyes\u00bb][vc_row][vc_column]<style>.vcex-heading.vcex_69f727378853f{animation-duration:2s;font-size:75px;line-height:var(--wpex-leading-tight);letter-spacing:var(--wpex-tracking-tighter);}<\/style><h2 class=\"vcex-heading vcex-heading-plain vcex-module wpex-heading wpex-text-2xl wpex-mt-60 wpex-mb-40 wpex-text-center  wpb_animate_when_almost_visible wpb_fadeIn fadeIn vcex_69f727378853f\"><span class=\"vcex-heading-inner wpex-inline-block\">Contacta con nosotros<\/span><\/h2>\n<div class=\"wpcf7 no-js\" id=\"wpcf7-f59-o1\" lang=\"es-ES\" dir=\"ltr\">\n<div class=\"screen-reader-response\"><p role=\"status\" aria-live=\"polite\" aria-atomic=\"true\"><\/p> <ul><\/ul><\/div>\n<form action=\"\/invepat2024\/wp-json\/wp\/v2\/pages\/346#wpcf7-f59-o1\" method=\"post\" class=\"wpcf7-form init\" aria-label=\"Formulario de contacto\" novalidate=\"novalidate\" data-status=\"init\">\n<div style=\"display: none;\">\n<input type=\"hidden\" name=\"_wpcf7\" value=\"59\" \/>\n<input type=\"hidden\" name=\"_wpcf7_version\" value=\"5.9.6\" \/>\n<input type=\"hidden\" name=\"_wpcf7_locale\" value=\"es_ES\" \/>\n<input type=\"hidden\" name=\"_wpcf7_unit_tag\" value=\"wpcf7-f59-o1\" \/>\n<input type=\"hidden\" name=\"_wpcf7_container_post\" value=\"0\" \/>\n<input type=\"hidden\" name=\"_wpcf7_posted_data_hash\" value=\"\" \/>\n<\/div>\n<div class=\"form-container\">\n\t<div class=\"form-row\">\n\t\t<p class=\"form-column\"><br \/>\n<span class=\"wpcf7-form-control-wrap\" data-name=\"your-name\"><input size=\"40\" maxlength=\"80\" class=\"wpcf7-form-control wpcf7-text wpcf7-validates-as-required\" aria-required=\"true\" aria-invalid=\"false\" placeholder=\"Tu nombre\" value=\"\" type=\"text\" name=\"your-name\" \/><\/span>\n\t\t<\/p>\n\t\t<p class=\"form-column\"><br \/>\n<span class=\"wpcf7-form-control-wrap\" data-name=\"your-phone\"><input size=\"40\" maxlength=\"80\" class=\"wpcf7-form-control wpcf7-tel wpcf7-validates-as-required wpcf7-text wpcf7-validates-as-tel\" aria-required=\"true\" aria-invalid=\"false\" placeholder=\"Tu tel\u00e9fono\" value=\"\" type=\"tel\" name=\"your-phone\" \/><\/span>\n\t\t<\/p>\n\t<\/div>\n\t<div class=\"form-row\">\n\t\t<p class=\"form-column\"><br \/>\n<span class=\"wpcf7-form-control-wrap\" data-name=\"your-email\"><input size=\"40\" maxlength=\"80\" class=\"wpcf7-form-control wpcf7-email wpcf7-validates-as-required wpcf7-text wpcf7-validates-as-email\" aria-required=\"true\" aria-invalid=\"false\" placeholder=\"Tu email\" value=\"\" type=\"email\" name=\"your-email\" \/><\/span>\n\t\t<\/p>\n\t\t<p class=\"form-column\"><br \/>\n<span class=\"wpcf7-form-control-wrap\" data-name=\"your-company\"><input size=\"40\" maxlength=\"80\" class=\"wpcf7-form-control wpcf7-text\" aria-invalid=\"false\" placeholder=\"Tu empresa\" value=\"\" type=\"text\" name=\"your-company\" \/><\/span>\n\t\t<\/p>\n\t<\/div>\n\t<p><br \/>\n<span class=\"wpcf7-form-control-wrap\" data-name=\"your-message\"><textarea cols=\"40\" rows=\"10\" maxlength=\"400\" class=\"wpcf7-form-control wpcf7-textarea\" aria-invalid=\"false\" placeholder=\"Escribe tu mensaje aqu\u00ed\" name=\"your-message\"><\/textarea><\/span>\n\t<\/p>\n\t<div class=\"uniquecol last\">\n\t\t<p><label><span class=\"wpcf7-form-control-wrap\" data-name=\"acceptance-975\"><span class=\"wpcf7-form-control wpcf7-acceptance\"><span class=\"wpcf7-list-item\"><input type=\"checkbox\" name=\"acceptance-975\" value=\"1\" aria-invalid=\"false\" \/><\/span><\/span><\/span> Acepto los <a href=\"\/aviso-legal\/\">t\u00e9rminos y condiciones de uso<\/a>, as\u00ed como la <a href=\"\/politica-privacidad\/\">pol\u00edtica de privacidad<\/a>.<\/label>\n\t\t<\/p>\n\t<\/div>\n\t<p><br \/>\n<input class=\"wpcf7-form-control wpcf7-submit has-spinner\" type=\"submit\" value=\"Enviar \u2192\" \/>\n\t<\/p>\n<\/div><p style=\"display: none !important;\" class=\"akismet-fields-container\" data-prefix=\"_wpcf7_ak_\"><label>&#916;<textarea name=\"_wpcf7_ak_hp_textarea\" cols=\"45\" rows=\"8\" maxlength=\"100\"><\/textarea><\/label><input type=\"hidden\" id=\"ak_js_1\" name=\"_wpcf7_ak_js\" value=\"68\"\/><script>document.getElementById( \"ak_js_1\" ).setAttribute( \"value\", ( new Date() ).getTime() );<\/script><\/p><div class=\"wpcf7-response-output\" aria-hidden=\"true\"><\/div>\n<\/form>\n<\/div>\n[\/vc_column][\/vc_row][\/vc_section]\n<\/div>","protected":false},"excerpt":{"rendered":"<p>[vc_section full_width=\u00bbstretch_row_content\u00bb full_height=\u00bbyes\u00bb content_placement=\u00bbmiddle\u00bb visibility=\u00bbhide-at-mm-breakpoint\u00bb][vc_row][vc_column][\/vc_column][\/vc_row][\/vc_section][vc_section full_width=\u00bbstretch_row\u00bb content_placement=\u00bbmiddle\u00bb min_height=\u00bb450&#8243;][vc_row][vc_column][vc_column_text font_weight=\u00bb300&#8243; font_family=\u00bbOpen Sans\u00bb] La marca es mucho m\u00e1s que un logotipo. Marca es todo lo que transmites y c\u00f3mo se percibe por parte de tu p\u00fablico objetivo y el resto del entorno. \u00bfTe resulta complejo? No te preocupes, nos encargamos. [\/vc_column_text][\/vc_column][\/vc_row][\/vc_section][vc_section full_width=\u00bbstretch_row_content\u00bb full_height=\u00bbyes\u00bb min_height=\u00bb700&#8243; visibility=\u00bbhide-at-mm-breakpoint\u00bb][vc_row css=\u00bb.vc_custom_1720419808135{margin-top: 40px&hellip;<\/p>\n","protected":false},"author":1,"featured_media":0,"parent":0,"menu_order":0,"comment_status":"closed","ping_status":"closed","template":"","meta":{"_acf_changed":false,"footnotes":""},"class_list":["post-346","page","type-page","status-publish","hentry","entry","no-media"],"acf":[],"_links":{"self":[{"href":"https:\/\/invepat.live-website.com\/invepat2024\/wp-json\/wp\/v2\/pages\/346","targetHints":{"allow":["GET"]}}],"collection":[{"href":"https:\/\/invepat.live-website.com\/invepat2024\/wp-json\/wp\/v2\/pages"}],"about":[{"href":"https:\/\/invepat.live-website.com\/invepat2024\/wp-json\/wp\/v2\/types\/page"}],"author":[{"embeddable":true,"href":"https:\/\/invepat.live-website.com\/invepat2024\/wp-json\/wp\/v2\/users\/1"}],"replies":[{"embeddable":true,"href":"https:\/\/invepat.live-website.com\/invepat2024\/wp-json\/wp\/v2\/comments?post=346"}],"version-history":[{"count":3,"href":"https:\/\/invepat.live-website.com\/invepat2024\/wp-json\/wp\/v2\/pages\/346\/revisions"}],"predecessor-version":[{"id":349,"href":"https:\/\/invepat.live-website.com\/invepat2024\/wp-json\/wp\/v2\/pages\/346\/revisions\/349"}],"wp:attachment":[{"href":"https:\/\/invepat.live-website.com\/invepat2024\/wp-json\/wp\/v2\/media?parent=346"}],"curies":[{"name":"wp","href":"https:\/\/api.w.org\/{rel}","templated":true}]}}